{"id":41,"date":"2021-05-24T06:14:05","date_gmt":"2021-05-24T06:14:05","guid":{"rendered":"https:\/\/rochlitz.gallery\/?page_id=41"},"modified":"2022-07-27T09:47:28","modified_gmt":"2022-07-27T09:47:28","slug":"vita","status":"publish","type":"page","link":"https:\/\/rochlitz.gallery\/?page_id=41","title":{"rendered":"Vita"},"content":{"rendered":"<p>Geboren 1976 lebe ich seitdem in \u00d6sterreich so vor mich hin. Geheiratet habe ich 2007 und wurde Vater dreier S\u00f6hne. Beruflich bin ich seit dem Jahr 2000 im Einsatz f\u00fcr die arbeitenden Menschen im unseren Lande. Was irrsinnig formal klingt, hei\u00dft nichts anderes als dann helfend einzuschreiten, wenn Frauen um ihr Gehalt geprellt werden, M\u00e4nner ihren Job verlieren oder wieder einmal ein Eigent\u00fcmer meint, Recht und Gesetz enden an seiner Grundst\u00fccksgrenze.<\/p>\n<p>Eine Weile habe ich mich in der Gemeindepolitik versucht. Nicht das es mir keinen Spa\u00df gemacht h\u00e4tte und ausgestiegen bin ich ehrlicherweise auch nicht freiwillig. Geblieben ist die Erkenntnis, das Kinder und Politik gar nicht zusammen passen. Neben dem Faktor Zeit, werden Kinder stehts mit den (Un)Taten ihrer Eltern konfrontiert. Pers\u00f6nlich bin ich da eher schmerzbefreit, aber in meiner Lebenslage muss ich eben auch auf andere R\u00fccksicht nehmen.<\/p>\n<p>Wenig \u00fcberraschend sind Eisenbahnen mein Hobby. Eigentlich der Verkehr insgesamt aber f\u00fcr mich stellen Eisenbahnen den optimalen Kompromiss zwischen den Vor- und Nachteilen aller Verkehrsmittel dar.<\/p>\n","protected":false},"excerpt":{"rendered":"<p>Geboren 1976 lebe ich seitdem in \u00d6sterreich so vor mich hin. Geheiratet habe ich 2007 und wurde Vater dreier S\u00f6hne. Beruflich bin ich seit dem Jahr 2000 im Einsatz f\u00fcr die arbeitenden Menschen im unseren Lande. Was irrsinnig formal klingt, hei\u00dft nichts anderes als dann helfend einzuschreiten, wenn Frauen um ihr Gehalt geprellt werden, M\u00e4nner &hellip; <\/p>\n<p class=\"link-more\"><a href=\"https:\/\/rochlitz.gallery\/?page_id=41\" class=\"more-link\"><span class=\"screen-reader-text\">\u201eVita\u201c<\/span> weiterlesen<\/a><\/p>\n","protected":false},"author":1,"featured_media":0,"parent":0,"menu_order":0,"comment_status":"closed","ping_status":"closed","template":"","meta":{"footnotes":""},"class_list":["post-41","page","type-page","status-publish","hentry"],"_links":{"self":[{"href":"https:\/\/rochlitz.gallery\/index.php?rest_route=\/wp\/v2\/pages\/41","targetHints":{"allow":["GET"]}}],"collection":[{"href":"https:\/\/rochlitz.gallery\/index.php?rest_route=\/wp\/v2\/pages"}],"about":[{"href":"https:\/\/rochlitz.gallery\/index.php?rest_route=\/wp\/v2\/types\/page"}],"author":[{"embeddable":true,"href":"https:\/\/rochlitz.gallery\/index.php?rest_route=\/wp\/v2\/users\/1"}],"replies":[{"embeddable":true,"href":"https:\/\/rochlitz.gallery\/index.php?rest_route=%2Fwp%2Fv2%2Fcomments&post=41"}],"version-history":[{"count":3,"href":"https:\/\/rochlitz.gallery\/index.php?rest_route=\/wp\/v2\/pages\/41\/revisions"}],"predecessor-version":[{"id":54,"href":"https:\/\/rochlitz.gallery\/index.php?rest_route=\/wp\/v2\/pages\/41\/revisions\/54"}],"wp:attachment":[{"href":"https:\/\/rochlitz.gallery\/index.php?rest_route=%2Fwp%2Fv2%2Fmedia&parent=41"}],"curies":[{"name":"wp","href":"https:\/\/api.w.org\/{rel}","templated":true}]}}